{"id":5090,"date":"2016-11-16T12:17:25","date_gmt":"2016-11-16T11:17:25","guid":{"rendered":"http:\/\/extraescolars.col-legiparroquialdonjoselluch.es\/?page_id=5090"},"modified":"2021-06-14T10:07:42","modified_gmt":"2021-06-14T08:07:42","slug":"iniciacion-musical","status":"publish","type":"page","link":"https:\/\/extraescolars.col-legiparroquialdonjoselluch.es\/?page_id=5090","title":{"rendered":"Iniciaci\u00f3n Musical"},"content":{"rendered":"<p>Las siguientes asignaturas comprenden el Ciclo Inicial de M\u00fasica. El objetivo es que los alumnos empiecen a sensibilizarse con la m\u00fasica, desarrollando las capacidades musicales, familiariz\u00e1ndose con las calidades del sonido, los instrumentos, la escritura musical&#8230; todo eso a trav\u00e9s de canciones, juegos y actividades-experiencias musicales.<\/p>\n<p><strong>Lugar: <\/strong>aulas del centro<\/p>\n<p><strong>Horarios:<\/strong><\/p>\n<p>&#8211;<b>Infantil 4 &#8211;<\/b><b>\u00a05 a\u00f1os<\/b>: viernes de 15:30 a 16:30 horas.<\/p>\n<p><strong>-1\u00ba-2\u00ba Primaria: <\/strong>viernes de 15:30 a 16:30 horas.<\/p>\n<p>&#8211; <strong>3\u00ba Primaria**<\/strong>: martes y jueves de 14:15 a 15:15 horas.<\/p>\n<p>* Estos alumnos tendr\u00e1n coro infantil los viernes de 17:30 a 18:30 en la Sociedad Musical.<\/p>\n<p>**Estos alumnos tendr\u00e1n conjunto vocal los viernes de 18:30 a 19:15 en la Sociedad Musical.<\/p>\n<p><b>Precios mensualidad:<\/b><\/p>\n<p>4 y 5 a\u00f1os: matr\u00edcula + mensualidad 21\u20ac.<\/p>\n<p>1\u00baPrimaria: matr\u00edcula + mensualidad 21\u20ac.<\/p>\n<p>2\u00ba Primaria: matr\u00edcula + mensualidad 24\u20ac.<\/p>\n<p>3\u00ba Primaria: matr\u00edcula + mensualidad 28 \u20ac.<\/p>\n","protected":false},"excerpt":{"rendered":"<p>Las siguientes asignaturas comprenden el Ciclo Inicial de M\u00fasica. El objetivo es que los alumnos empiecen a sensibilizarse con la m\u00fasica, desarrollando las capacidades musicales, familiariz\u00e1ndose con las calidades del sonido, los instrumentos, la escritura musical&#8230; todo eso a trav\u00e9s de canciones, juegos y actividades-experiencias musicales. Lugar: aulas del centro Horarios: &#8211;Infantil 4 &#8211;\u00a05 a\u00f1os: [&hellip;]<\/p>\n","protected":false},"author":1,"featured_media":0,"parent":0,"menu_order":0,"comment_status":"closed","ping_status":"closed","template":"","meta":{"footnotes":""},"class_list":["post-5090","page","type-page","status-publish","hentry","post"],"_links":{"self":[{"href":"https:\/\/extraescolars.col-legiparroquialdonjoselluch.es\/index.php?rest_route=\/wp\/v2\/pages\/5090","targetHints":{"allow":["GET"]}}],"collection":[{"href":"https:\/\/extraescolars.col-legiparroquialdonjoselluch.es\/index.php?rest_route=\/wp\/v2\/pages"}],"about":[{"href":"https:\/\/extraescolars.col-legiparroquialdonjoselluch.es\/index.php?rest_route=\/wp\/v2\/types\/page"}],"author":[{"embeddable":true,"href":"https:\/\/extraescolars.col-legiparroquialdonjoselluch.es\/index.php?rest_route=\/wp\/v2\/users\/1"}],"replies":[{"embeddable":true,"href":"https:\/\/extraescolars.col-legiparroquialdonjoselluch.es\/index.php?rest_route=%2Fwp%2Fv2%2Fcomments&post=5090"}],"version-history":[{"count":4,"href":"https:\/\/extraescolars.col-legiparroquialdonjoselluch.es\/index.php?rest_route=\/wp\/v2\/pages\/5090\/revisions"}],"predecessor-version":[{"id":6284,"href":"https:\/\/extraescolars.col-legiparroquialdonjoselluch.es\/index.php?rest_route=\/wp\/v2\/pages\/5090\/revisions\/6284"}],"wp:attachment":[{"href":"https:\/\/extraescolars.col-legiparroquialdonjoselluch.es\/index.php?rest_route=%2Fwp%2Fv2%2Fmedia&parent=5090"}],"curies":[{"name":"wp","href":"https:\/\/api.w.org\/{rel}","templated":true}]}}

Iniciación Musical

<p>Las siguientes asignaturas comprenden el Ciclo Inicial de Música. El objetivo es que los alumnos empiecen a sensibilizarse con la música, desarrollando las capacidades musicales, familiarizándose con las calidades del sonido, los instrumentos, la escritura musical&#8230; todo eso a través de canciones, juegos y actividades-experiencias musicales.</p>
<p><strong>Lugar: </strong>aulas del centro</p>
<p><strong>Horarios:</strong></p>
<p>&#8211;<b>Infantil 4 &#8211;</b><b> 5 años</b>: viernes de 15:30 a 16:30 horas.</p>
<p><strong>-1º-2º Primaria: </strong>viernes de 15:30 a 16:30 horas.</p>
<p>&#8211; <strong>3º Primaria**</strong>: martes y jueves de 14:15 a 15:15 horas.</p>
<p>* Estos alumnos tendrán coro infantil los viernes de 17:30 a 18:30 en la Sociedad Musical.</p>
<p>**Estos alumnos tendrán conjunto vocal los viernes de 18:30 a 19:15 en la Sociedad Musical.</p>
<p><b>Precios mensualidad:</b></p>
<p>4 y 5 años: matrícula + mensualidad 21€.</p>
<p>1ºPrimaria: matrícula + mensualidad 21€.</p>
<p>2º Primaria: matrícula + mensualidad 24€.</p>
<p>3º Primaria: matrícula + mensualidad 28 €.</p>

<p>Las siguientes asignaturas comprenden el Ciclo Inicial de Música. El objetivo es que los alumnos empiecen a sensibilizarse con la música, desarrollando las capacidades musicales, familiarizándose con las calidades del sonido, los instrumentos, la escritura musical&#8230; todo eso a través de canciones, juegos y actividades-experiencias musicales. Lugar: aulas del centro Horarios: &#8211;Infantil 4 &#8211; 5 años: [&hellip;]</p>
